d**3 + 2*d**2 + 1. Let f(n) = 4*r(n) + 5*t(n). Determine f(-4).
13
Let x(h) = -5*h + 29 - 77 + 21 + 27 - 4*h**2. Calculate x(0).
0
Let g(b) = 120*b + 348. Let u(w) = -173*w - 520. Let k(m) = -7*g(m) - 5*u(m). Determine k(-7).
-11
Let c(x) = -716*x + 361*x + 358*x + 32. What is c(-4)?
20
Let f(q) = q**2 + 17*q + 12. Let x be ((-5)/(50/85))/(4/8). Give f(x).
12
Suppose 5*i = -4*y + 12, 0 = 2*y - 4 - 2. Let w = -180 + 179. Let h be (-1 - w)/(2 - i) + 2. Let g(c) = -c**2 + 3*c. Determine g(h).
2
Let m(k) = 5*k**3 + 17*k**2 + 3*k - 7. Let n be m(-3). Let l(p) = 9*p**2 - 3*p + 1. Calculate l(n).
31
Let a(j) = -j + 7. Suppose 147*o - 140*o + 28 = 0. Let r be a(o). Let x(y) = -y + 6. Determine x(r).
-5
Let b(u) be the first derivative of -1/2*u**2 - 112 + 5*u. Determine b(7).
-2
Let z be 5 - 3 - (1 + -1). Let v(m) = -6 + 2 - 6*m + z - m. Let n(f) = 5*f**2 - 5*f - 2. Let j be n(1). Calculate v(j).
12
Suppose 5*a - 13 = 2*s - 0*s, -2*a + s = -6. Let i(m) = a - 1 + 3*m + 1 + 0. Let n be (-2)/(-25) + (-4)/100*52. What is i(n)?
-5
Let y(m) = 7*m**2 + 2*m - 3. Let s(n) = -22*n**2 - 5*n + 8. Let k be 22/6 - (-6)/(-9). Let d be (-9 - 14/(-2))*-4. Let h(a) = d*y(a) + k*s(a). Calculate h(-1).
-11
Suppose -o + 2*j + 26 = 10, 0 = -5*o + 4*j + 86. Let z(c) = -12*c + 21*c**3 + 38*c**2 - 20*c**3 - o*c**2 + 6 - 10*c**2. What is z(-11)?
17
Suppose -36*x + 38*x - 6 = 0. Suppose -70 = v - 8*j + 6*j, 5*j + 166 = -x*v. Let h = 60 + v. Let b(o) = -5*o**2. Determine b(h).
-20
Let g(v) be the second derivative of -v**5/20 + 5*v**4/4 - 5*v**3/2 + 15*v**2/2 - 3*v. Suppose 2*u - 96 = -6*x, x - 118 + 98 = -u. Give g(x).
1
Let w(k) = 5*k - 4. Let z(b) = 2*b - 1. Let a(p) = p**3 + 14*p**2 - 51*p - 6. Let s be a(-17). Let r(l) = s*z(l) + 2*w(l). What is r(2)?
-6
Let u be 6/12*(7 - 1). Let b be (4/u)/((-120)/180). Let r(y) = -y**3 + 2*y**2 + 2*y - 2. Calculate r(b).
10
Let v(n) = n**3 - 11*n**2 - n + 15. Let j be v(11). Suppose -7*k - 18 = -j*k. Let s(z) = -6*z + 0 + 2*z + 2*z - 3. Give s(k).
9
Let c(l) = -2*l**3 + 12*l**2 + 15*l - 9. Suppose 4*s + 10*x = 5*x + 48, -x = -2*s + 10. What is c(s)?
-2
Suppose 0*q = 5*q - 95. Let c = 18 - q. Let r(b) = 4 + 2 - 10 + 20*b**2 - b + 3. Give r(c).
20
Let l(c) = -c**3 + 3*c**2 + c. Let a(k) = -3*k**3 + 15*k**2 + 13*k - 25. Let x(f) = a(f) - 2*l(f). Give x(10).
-15
Let u(m) = 5*m + 1. Let a(c) = c**2 - 2*c - 1. Let y be a(-3). Suppose -2 = -2*v + y. Suppose -3*h - 11 = -v. What is u(h)?
-4
Let o(k) = 4*k + 248. Let m be o(-59). Let i(a) = -12*a + 135. Determine i(m).
-9
Let m(y) = -y**3 - 3*y**2 + 2*y - 1. Let w(s) = 5 - s**2 + 26*s + 31*s - s**3 - 55*s. Let n be w(4). Let h = -69 - n. What is m(h)?
-9
Let a(i) = 762824 - 17*i + 14*i - 762839. Suppose -2*d + d = 6. Give a(d).
3
Let z(q) = -444*q + 446*q + 12 - 5. Let r be (21/9)/((-1)/3). Let d = -13 - r. Give z(d).
-5
Let z = 237 - 234. Let h(s) = 5*s**2 + 5*s + 11. Let q(m) = 4*m**2 + 5*m + 9. Let b(t) = z*h(t) - 4*q(t). Give b(-6).
-9
Let b(v) = -2*v - 2. Suppose 93*n - 439 - 119 = 0. Let h(w) = -2*w - 1. Let y be 7*(1 + -2) - -2. Let f(s) = n*h(s) + y*b(s). Determine f(-3).
10
Let d(m) = -m**3 + 17*m**2 + 36*m + 3. Let w be d(-2). Let x(t) = t**3 - 16*t**2 + 66*t - 17. What is x(w)?
4
Let l = -6289 + 377341/60. Let r(x) be the third derivative of 0 - 6*x**2 + 0*x + l*x**5 - 1/6*x**3 + 1/4*x**4. Calculate r(-6).
-1
Suppose 0 = -3*r + 11*r + 3928. Let u = r - -483. Let s(c) = -c**3 - 9*c**2 - 11*c + 4. Determine s(u).
28
Let z be 9/6*2 - 9. Let x(c) = 0*c + 8002 - 8015 + c - 2*c. Calculate x(z).
-7
Let k(n) = 2*n**2 + 8*n - 1. Suppose 0 = -2*f - t + 476, -f - 4*t + 264 = 19. Suppose 18*h - 129 + f = 0. Calculate k(h).
23
Suppose 3*o + 4*c = -22 - 1, -24 = 4*o + 4*c. Let k be (3/(-2) - o)*-10. Let u(i) = -i**2 + 6*i - 3. What is u(k)?
2
Let o be (0/(0 - -7))/(-1). Let y(d) = -42 - 49 + d + o*d + 137 - 47 - 3*d**2. Suppose -3*s - 10 = -8*s. Calculate y(s).
-11
Let h(f) = 2*f**2 - 197*f - 2523. Let w be h(110). Let z(r) be the first derivative of r**3/3 - 7*r**2/2 + 2. Calculate z(w).
0
Let y(i) = -2*i**2 - 15*i - 11. Let n be y(-6). Let t(r) = 16*r - 68*r + 21*r - n + 26*r. Let k = 41 + -48. Determine t(k).
28
Let l = -77 + 71. Let k be l/14 + 72/21. Let z(g) = -8 - 3 - k*g**3 + 3 + 4*g**3. Determine z(0).
-8
Let y(u) = 3*u - 4. Suppose 6 = -5*c + 2*c. Let d(s) = -7*s + 9. Let r(t) = c*d(t) - 5*y(t). Suppose 2*a - 4 = 3*a + 5*k, 0 = -5*a + k + 6. What is r(a)?
1
Let x = -3 + 9. Let s be (x - 0)*(-7)/(-14). Let a(l) = -1 + 2*l**2 + 3*l - 220*l**3 + 219*l**s - 4*l. Give a(2).
-3
Let c(y) be the third derivative of -y**5/60 + y**4/12 + 2*y**3 + 1572*y**2. Calculate c(-8).
-68
Let f(t) be the third derivative of t**5/60 + t**4/8 + t**3 - 25*t**2 + 13*t. Determine f(-4).
10
Let k(f) be the second derivative of -3*f**5/20 + 35*f**3 - 108*f. Let j(x) be the second derivative of k(x). Calculate j(2).
-36
Let n be 17 + -25 + 75/9 + 0. Let x(t) be the first derivative of -17 + 0*t**2 - n*t**3 - 7*t. Determine x(0).
-7
Let g(d) be the second derivative of -d**3/3 + 3*d**2 + 46*d - 3. Let a be (1 - 0) + (-23 - -11). Let b = a + 18. What is g(b)?
-8
Let r(i) = 8*i**2 + 4 - 10*i + 11666*i**3 - 11667*i**3 + 14*i. Determine r(4).
84
Let u(p) be the first derivative of 10*p**3/3 - 9*p**2/2 + 2*p - 7563. Calculate u(3).
65
Let k = -5587 + 5588. Let y(r) = -10*r**2 + 6*r**2 - 6*r**2 - 1. What is y(k)?
-11
Let c(l) = -l**3 - 3*l**2 - 5. Let d be (-12)/15 + 42/15. Suppose -d*g = 3*y + 3*g - 8, -3*y + 2*g = 20. What is c(y)?
11
Let v(m) be the third derivative of -m**6/120 - 13*m**5/60 - m**4/6 + 5*m**3/2 + 2*m**2 + 5749*m. What is v(-13)?
67
Let b = -2576 + 2515. Let w(t) = 4*t + 243. Calculate w(b).
-1
Let x(u) be the third derivative of u**6/60 + u**5/12 + u**4/8 - u**3/6 + 4*u**2 + 297*u. Calculate x(-2).
-3
Let r = 206 + -210. Let a be -7 + 20*(-1)/r. Let x(h) = -5*h. Determine x(a).
10
Let y(f) = f - 25. Let c be y(19). Let q be 52/8 + c/(-4). Let a(r) = 3 + 4 + 3*r - q. Calculate a(5).
14
Let y = -19916 + 19916. Let a(q) = -4*q**2 + 2*q + 18. Calculate a(y).
18
Let b(z) = -z**2 + 7*z + 52. Let p be b(-8). Let s = p + 241. Let g(o) = -4*o - 86*o**3 - 2*o**2 + 2*o + s*o**3 - 86*o**3 + 3. Give g(2).
-1
Let w(q) = -q**3 - 7*q**2 + 2*q + 5. Let c = -177 - -196. Suppose -r - 3*x - c = 0, -5*r - 3*x = 52 - 5. Determine w(r).
-9
Suppose -4*z = 6*n - 2*n, -2*z + 4*n + 12 = 0. Let f = 368 + -350. Let j(u) = 3*u - f - 4*u**2 + 5*u**2 - z*u + 13. Determine j(4).
15
Let y(v) be the second derivative of 3*v**2 - 1/6*v**3 + 161*v + 0. Determine y(11).
-5
Let y(r) = -r**2 + 5. Suppose -104 = 224*s - 1896. What is y(s)?
-59
Let i(u) be the third derivative of u**7/840 + u**6/45 - u**4/24 + 15*u**3 + 228*u**2. Let z(y) be the first derivative of i(y). Calculate z(-8).
-1
Let a(j) = -j**2 + 8*j - 10. Let x be a(7). Suppose -66 = 22*h - 198. Let c(n) = 1 - n**2 + 8*n**2 + 2*n + n - h*n**2 + 0*n. Calculate c(x).
1
Let h = -80 + 97. Let k(g) = -3*g**2 + 17*g + 15. Let o(d) = d**2 - 6*d - 5. Let s(t) = h*o(t) + 6*k(t). Determine s(0).
5
Let i be -12*(2 - 1)/3. Let q be i - (2 + (0 - 10)). Suppose 3 = q*m - 3*o, 1 = -3*m + 5*o + 17. Let g(p) = -4*p - 1. Give g(m).
11
Let a(i) = -i - 21. Suppose 7*r - 72 + 27 = -17. Determine a(r).
-25
Suppose 32*l - 41 = -137. Let x(d) = -7*d - 6. Give x(l).
15
Let h(a) = 3*a**2 - 5 - 2*a - 17*a - 26*a - 2*a + 89*a. Determine h(-14).
-5
Let l(v) = 43*v - 2. Let c be (7 - 0) + -10 + 2. What is l(c)?
-45
Suppose 36*x - 39*x = -p + 52, -x - 18 = -p. Let y(f) = 5*f - 2. Determine y(x).
-87
Let c(k) = 2*k**2 - 31*k - 1553. Let i be c(37). Let l(p) = p**2 - 39*p + 64. What is l(i)?
26
Let g(h) be the second derivative of -h**5/20 - 7*h**4/12 - 5*h**3/3 - 4*h**2 - 22*h - 167. Determine g(-6).
16
Let b be 0/(3*(-4 + (-56)/(-12))). Suppose 23*a - 28*a + 15 = b. Let d(s) = -3*s**2 + 3*s + 3. Let h(j) = j**2 - 1. Let f(r) = -d(r) - 2*h(r). What is f(a)?
-1
Let r(i) = 76*i**2 + 7*i - 3 + 0 - 77*i**2 - 1. Let u = 21 - 10. Let w be ((-18)/(-15))/(-2 - u/(-5)). Calculate r(w).
2
Let h(t) = -2 - 335*t**2 - 9*t - 334*t**2 - 328*t**2 + 998*t**2. Determine h(11).
20
Let b(a) = -10*a + 10. Let d be b(-4). Suppose -d = 3*t - 38. Let k(r) = -r**3 - 5*r**2 - 1. Calculate k(t).
-17
Let t(q) = 4*q - 4. Let l(x) be the 